s the greatest common divisor of 45 and s?
15
Suppose -6*v + 2 = -64. What is the greatest common factor of v and 11?
11
Suppose -2*c + 112 = 3*i, 4*c - 180 = -i + 6*i. Calculate the greatest common divisor of c and 10.
10
Let z(r) = r**2 + 4*r - 6. Let s be z(-7). Calculate the highest common divisor of s and 90.
15
Suppose -v - 4*v - 2*y + 33 = 0, -2*v + 2*y + 2 = 0. Suppose 3*g = f + v*g - 193, -3*f - 2*g = -571. Calculate the greatest common factor of 21 and f.
21
Suppose -3*s + 6 = -12. Let f(w) be the first derivative of 43*w**4/4 - w**3/3 - 2. Let d be f(1). What is the greatest common divisor of s and d?
6
Let h = -8 + -4. Let u be (-4)/h + 16/6. Let j be (-2 + (0 - u))/(-1). Calculate the highest common divisor of 10 and j.
5
Let v be 14/2*(-120)/(-70). Calculate the highest common divisor of v and 48.
12
Suppose 34 = 3*a - g, 3*g = 2*a - 8 - 10. Let o(h) = h**3 - 3*h**2 + 6*h - 4. Let k be o(4). Suppose -s = 2*s - k. What is the highest common factor of a and s?
12
Suppose z = -2*n + 17, 2*n - 6*z - 11 = -z. Let g = 14 - n. Calculate the highest common divisor of g and 15.
3
Suppose 0 = 5*k - 3*k. Let f be (k + 1)/((-4)/(-100)). Calculate the highest common factor of f and 5.
5
Let c(m) = 23*m - 9. Let s be c(3). Calculate the highest common factor of 36 and s.
12
Let l be (3/(-1))/((-3)/4). Let c be (1*(-8)/(-4))/1. What is the highest common divisor of c and l?
2
Let p(t) = -49*t - 2. Let y(n) = 24*n + 1. Let v(z) = -4*p(z) - 10*y(z). Let q be v(-1). What is the greatest common factor of 63 and q?
21
Suppose -22 = -3*i - z, 0*i - 3*z + 18 = 3*i. Suppose 2*w - s = 140, -68 = -3*w + 2*w + s. Calculate the greatest common divisor of w and i.
8
Suppose -41 = -5*t + 2*q, 3*t + 0*q = -3*q + 12. Let g be (14/(-5))/((-1)/5). Calculate the highest common divisor of t and g.
7
Let n = -31 + 51. Suppose -3*w = -8*w + n. What is the highest common factor of 4 and w?
4
Let p(c) = 11*c + 8. Let h be p(8). What is the highest common divisor of h and 12?
12
Let s be 18 - -2*3/6. What is the highest common factor of s and 57?
19
Suppose -2*q + 11 = -13. Calculate the greatest common divisor of q and 18.
6
Suppose 15 = 4*a - a + 3*h, 4*a + h - 5 = 0. Suppose 3*l - 52 = -2*l + 2*m, a = 2*l - 2*m - 16. Calculate the greatest common factor of l and 96.
12
Let v be 7/5 + 6/(-15). Let z be v + (-2)/(0 - 2). What is the highest common divisor of 22 and z?
2
Let i be 0 - ((-2 - 7) + -2). Calculate the highest common divisor of 1 and i.
1
Let p = -11 - -19. Let a = -2 + 4. Let b be (-7)/(-14) + 79/a. Calculate the greatest common factor of p and b.
8
Suppose -54 = -5*b - o - 8, 24 = 3*b - 3*o. What is the highest common factor of b and 153?
9
Suppose 3*j = 3*o + 9, 2*o + o + 2*j = 11. Calculate the highest common factor of o and 5.
1
Let t be 2/(-3) - (-52)/6. Let p be (3 + 9)*(-20)/(-6). Suppose -p = -0*x - 5*x. What is the highest common divisor of t and x?
8
Suppose -27 = -u - 3*m, 3*u - m + 4*m = 51. Suppose 538 + 122 = 5*n. What is the highest common factor of u and n?
12
Suppose -49 = -5*w + 3*g + 345, -2*g = 2*w - 164. Suppose -3*x = -2*y + 4*y - 20, 65 = 5*x - 3*y. What is the highest common divisor of x and w?
10
Suppose -3*w + 21 = -45. Let u = w - -8. Calculate the highest common divisor of u and 15.
15
Let w be ((-210)/18)/(2/(-6)). What is the greatest common divisor of 7 and w?
7
Suppose -3*t = 7 - 31. What is the greatest common divisor of 8 and t?
8
Suppose 2*l + 5 = -r + 57, 0 = -3*r + 5*l + 101. What is the greatest common factor of 28 and r?
14
Let m = 92 + -52. Let s(y) = -y**2 + 6*y + 5. Let q be s(6). Suppose 0 = b + q, 4*c - 50 = 3*b - b. Calculate the greatest common divisor of m and c.
10
Let q = 67 + -34. Let l(g) = 2*g + 7. Let w be l(-6). Let r = q + w. Calculate the greatest common factor of 70 and r.
14
Let x(n) = n**3 - 2*n**2 - 11*n + 24. Let k be x(4). Suppose 222 = 2*w + 2*z, 441 = 4*w - z + 4*z. What is the highest common divisor of w and k?
12
Let a be ((-8)/10)/((-4)/240). Calculate the highest common factor of 8 and a.
8
Let q = -1 - -5. Suppose 5*h - 3*h - 378 = -3*l, -12 = q*h. Let x = 37 + -21. Calculate the highest common divisor of x and l.
16
Let h(y) = -3 + 3 - 5*y. Let m be h(-1). Let b(a) = a**2 - 5*a + 1. Let f be b(m). Calculate the greatest common divisor of f and 5.
1
Let d = 20 + -2. Let q = -7 - -52. What is the highest common divisor of d and q?
9
Suppose 3*g + 5*h = 2*g + 21, -g + 13 = h. Calculate the greatest common factor of g and 33.
11
Let n(q) = -6*q + 4. Let f be n(-4). Let m = 5 + -3. Suppose 2*d - m = 6. What is the greatest common divisor of d and f?
4
Let z be 12/(-1)*3/(-9)*18. Let m(w) = w**2 - w - 4. Let n be m(-3). Calculate the greatest common factor of n and z.
8
Let y = -59 - -36. Let c = 68 - y. Calculate the greatest common factor of c and 13.
13
Let l be 25 + (8/(-2) - -3). What is the greatest common divisor of l and 16?
8
Let r(k) = k**2 - 3*k - 5. Let y be r(6). Suppose 3*z + 5 = -y. Let q(a) = -4*a. Let o be q(z). What is the highest common factor of o and 16?
8
Let h be (3/(-4))/(24/(-128)). Calculate the greatest common factor of h and 44.
4
Let q = -33 + 40. What is the highest common divisor of 77 and q?
7
Let y(i) = -i - 6. Let a be y(-7). Let z be 0/((-2 + a)*-2). Let h be 36 + z*(-2)/(-6). Calculate the greatest common divisor of h and 4.
4
Let b(d) = -2*d - 4. Let j be b(-4). Suppose 5*m = -5*u + 28 + 7, 0 = 5*m + j*u - 35. Calculate the greatest common factor of m and 14.
7
Let v be 192/3 - (0 + -2 - 0). What is the highest common divisor of v and 33?
33
Suppose -9*x = -5*x + y - 180, 5*y = -x + 64. Suppose 2*i + 5*g - 2*g - 2 = 0, i = g + 6. What is the highest common factor of x and i?
4
Let c be (-3)/(-2)*(0 + -2). Let m(q) = q**2 + 3*q + 4. Let u be m(c). Suppose -t - u = -8. Calculate the greatest common factor of 16 and t.
4
Let b = -131 + 296. Calculate the greatest common divisor of b and 66.
33
Suppose -10*g + 15*g = 350. Calculate the greatest common factor of 10 and g.
10
Suppose -3*q + 3*y + 109 = -23, -3*y + 204 = 4*q. Let u(h) = -13*h + 3. Let j be u(-4). Let t = -39 + j. Calculate the greatest common factor of q and t.
16
Let j(w) = 4 + 0*w - 2*w**2 + 3*w**2 + 0*w. Let k be j(0). What is the greatest common factor of 1 and k?
1
Let l be (0 + -4)*-1 - 1. Suppose -103 = -l*t - 19. What is the highest common factor of t and 14?
14
Let h be (-2)/(-2)*(3 - 0). Suppose 3*l - 3 = 2*l + 3*y, -h*y = 4*l - 12. Calculate the greatest common divisor of l and 27.
3
Let i(f) = f - 8. Suppose 3*u + 0*h = -5*h + 20, 50 = 4*u - 5*h. Let j be i(u). Calculate the greatest common divisor of 2 and j.
2
Let o(m) = m**2 - 3*m - 10. Let b be o(-7). Suppose -5 = 4*n + l - 169, 220 = 5*n + 5*l. What is the highest common divisor of b and n?
20
Let u = 289 - 168. Calculate the greatest common divisor of 22 and u.
11
Let l = 7 - 8. Let s(g) = 3*g**2 - g - 1. Let o be s(l). Suppose -j = 2*c - 3*c + 12, -o*c + 60 = 5*j. What is the greatest common factor of 135 and c?
15
Let n(a) = -4*a + 10. Let h be n(0). Calculate the highest common divisor of 30 and h.
10
Suppose -815 = -8*x + 193. Calculate the highest common factor of 315 and x.
63
Suppose p - 86 = 4*r, 2*p - 171 = r - 27. Suppose 159 = 5*l + 19. What is the highest common factor of p and l?
14
Let l = 1 + 5. Let w be ((-84)/9)/((-2)/l). Suppose -17 - w = -3*g. Calculate the highest common divisor of 5 and g.
5
Let d = 95 + -15. What is the highest common factor of d and 30?
10
Let o(b) = b**3 - b**2 - 3*b. Let c be o(3). Let j be 6 - -1 - 2/2. Suppose 0 = -2*i - j + 24. What is the highest common factor of i and c?
9
Let w be ((-2)/(-4))/((-5)/170). Let d = w + 35. Let v be (-24)/(-11) + 8/(-44). What is the highest common factor of v and d?
2
Suppose b - 5*b = -36. Let m(x) = x**3 + 8*x**2 - 3*x - 9. Let f be m(-6). What is the greatest common divisor of f and b?
9
Let d(i) = 2*i + 1. Suppose 113 = 3*o + 17. Let x be o/6 + 4/6. Let m be d(x). Calculate the highest common divisor of 117 and m.
13
Suppose -2*j + 3 = -7. Let a(q) = -q**2 + 11*q - 4. Let h be a(j). Calculate the greatest common divisor of 65 and h.
13
Let i(k) = k**2 - 6*k - 4. Let m be i(-4). Calculate the highest common divisor of 18 and m.
18
Let o(l) = -l